 6*w - 3. Suppose -2*d + 2 = 0, 2*x - 7*x + d = -134. Let m be x + -22 + 1/(-1). Give t(m).
21
Let j(g) be the second derivative of g**4/12 + 7*g**3/6 - 5*g**2 - 9*g. Let x = 7136 - 7145. Calculate j(x).
8
Let x(p) be the first derivative of -p**4/4 + 10*p**3/3 - 3*p**2/2 + 20*p + 809. What is x(10)?
-10
Let u(v) = -5*v**3 - 9*v**2 - 6*v + 1. Let a(c) = 2*c**3 + c**2. Let z(s) = -2*a(s) - u(s). What is z(-6)?
-1
Let t = -35669 + 35669. Let z(s) be the first derivative of -s**4/4 - s**3/3 + 11*s - 6. Calculate z(t).
11
Let y(j) = -j + 5. Let r(z) = z**3 + 2*z**2 - z. Let s(f) = -2*f + 32. Let w = -13 + 29. Let d be s(w). Let v be r(d). What is y(v)?
5
Let n(i) = -6*i**3 - 99*i**2 - 94*i - 266. Let o(j) = j**3 + 20*j**2 + 19*j + 53. Let z(t) = 2*n(t) + 11*o(t). Determine z(23).
5
Let w(b) = -b**2 - 13*b - 11. Let l be w(-12). Let h = 7 + -3. Let c(n) = 3 - h + 6*n - 2*n - n**2 - 3*n. What is c(l)?
-1
Suppose 182 = 3*t + 11*t. Suppose -t*o - 21 = -20*o. Suppose 5 + 3 = 4*s + 5*p, 4*s = -o*p. Let h(b) = b**2. Calculate h(s).
9
Let s(d) = -d**3 + 8*d**2 + 6*d - 5. Suppose -4*r + 38 = 10, -52 = -3*l - 4*r. Give s(l).
43
Let g(k) = 2*k**2 - 3*k - 2. Let d(p) = p**3 + 12*p**2 - 14*p - 15. Let z be (918/(-4))/9*(1 + -3). Suppose 55*o - z*o = -52. Let w be d(o). What is g(w)?
12
Let q(t) be the second derivative of -t**7/2520 + t**6/144 + t**5/120 + 41*t**4/12 + 2*t - 11. Let m(o) be the third derivative of q(o). Give m(5).
1
Let l = -58541 - -58543. Let j(p) = -p**2 + 2*p**2 + 2 + 0*p**2. What is j(l)?
6
Let s(f) = -5*f**2 - 2*f + 13. Let b(x) = -3*x**2 - 114*x - 319. Let v be b(-35). Give s(v).
-59
Let d(p) = -13*p - 81. Suppose 115*n + 49 = 108*n. What is d(n)?
10
Suppose 2*q - 5*a - 6 = -3, a = 2*q - 15. Let y be 6/14 - 80/56 - -1. Suppose -q = -3*g - y*g. Let v(r) = -2*r**2 + 2*r + 4. Determine v(g).
-8
Let a = 3280 - 3285. Let f(k) = k**2 - k - 34. Give f(a).
-4
Let r be 6/(-4) - (7/(-2) + 2). Let f = 29 + r. Let c(g) = f - 59 + 2*g + 29. Calculate c(-1).
-3
Let s(l) = 23*l + 3. Let t(g) = -2*g**3 + g**2 + 38*g - 71. Let b be t(2). Determine s(b).
-158
Let z be (-3)/((-6 - -3) + (5 - 3)). Suppose 2*g - z*d - 4 - 5 = 0, 2*g = -5*d + 1. Let o(v) = -v**2 + g + 9*v + v - 4*v. Calculate o(6).
3
Suppose 4*a + 3*s - 42 = 0, a + 223*s + 17 = 225*s. Let p(n) = 2*n - 6. Let v be p(6). Let c(w) = w + 1 + v - 4. Determine c(a).
6
Let f(k) = -k - 8. Let d(a) = 3*a**3 + 22*a**2 + a - 7. Let m be d(-7). Suppose -3*r + 7*b - m = 6*b, -r - 35 = -5*b. Give f(r).
2
Let r(l) = -4 - 1 - 4*l - 10 + 9 + 1. Give r(-5).
15
Let l(k) = -k**3 + 3*k**2 + 5*k + 3. Suppose 10*q = -627 - 3363. Let y = 404 + q. Give l(y).
-22
Let p(m) = -2*m**3 - 10 + 76037*m**2 + 7*m + 0*m - 76029*m**2. Determine p(6).
-112
Let u = 5823 + -5828. Let k(f) = 10*f + 7. Give k(u).
-43
Let u(x) be the first derivative of 1/2*x**2 - 2*x**3 + 2 + 1/4*x**4 - 4*x. Let w = -179 - -185. Determine u(w).
2
Let t(h) = -8 + 5 + 17 - 11 - 11*h - 5 - 7*h**2. What is t(-2)?
-8
Let y(z) = -z**2 - 7*z + 4. Let o be y(-6). Suppose -r + 5*x = 22, 6*x - 19 = 2*r + x. Let q(f) = 2 - 14*f - f**r + 0*f**2 - o + 13*f - 7*f**2. What is q(-7)?
-1
Let b(w) = -3*w**2 - 26*w + 8. Let m be b(-9). Let v(o) be the second derivative of -o**3/6 - o**2/2 + 10*o. Give v(m).
0
Let s(j) be the second derivative of j**5/20 - j**4/12 - j**3/6 - 82*j + 4. Give s(0).
0
Suppose 2*d + 572 - 576 = 0. Let s(u) = 4 + 2 - 2 + 0 - d*u + 6. Determine s(11).
-12
Let l(g) = g**2 + 7*g + 15. Suppose -4*s = 4*m - m + 9, m = -5*s - 25. Calculate l(s).
9
Let r(n) be the third derivative of n**4/6 - n**3/6 - 4*n**2. Let p be 4 - (4 + 39/(-3)). Suppose -3*v + p = 10*v. Determine r(v).
3
Suppose -11*q + 5*q = -24. Let v(d) = 28913*d**2 - 28917*d**2 + 3*d**3 - 4*d - q*d**3. Calculate v(-4).
16
Let v(r) = 4*r - r - 4*r - 7*r - r. What is v(-4)?
36
Let l(y) be the first derivative of y**4/4 - 14*y**3/3 + y**2 - 17*y + 1709. What is l(14)?
11
Let n(y) be the first derivative of -5*y**2 - 11/3*y**3 - 1/4*y**4 + y + 61. Calculate n(-10).
1
Let o(m) be the first derivative of -1/3*m**3 + 17 - 4*m**2 + 4*m. Give o(-9).
-5
Let f(l) = 2*l + 20. Let d(u) = -4*u - 21. Let j(k) = 3*d(k) + 4*f(k). Let g be j(6). Let w(r) = r**2 + 9*r + 7. Calculate w(g).
-7
Let m be (-1)/((3 + 0)/18). Let l(b) = 2*b - 1. Let r(a) = -4*a + 2. Let x(s) = -5*s + 3. Let j(h) = -4*r(h) + 3*x(h). Let f(k) = -j(k) + l(k). Calculate f(m).
-8
Let z(v) be the third derivative of -13*v**4/24 - 22*v**3/3 + 2*v**2 - 3172. What is z(-4)?
8
Let i(u) = 2*u**2 + 35*u - 93. Let q be 6 + 0 + 390/150*-10. Determine i(q).
7
Let v(b) = 2*b**2 - 5*b - 1. Let z = -28736 + 28718. Suppose w + 35 = -5*u, 0*w + w = -2*u - 11. Let o be (u/(-14))/(z/(-126)). Determine v(o).
11
Suppose -2*j = -5*j. Let l(h) be the third derivative of -h**4/24 - 7*h**3/6 + 3786*h**2 - h. Give l(j).
-7
Let b(v) = v**2 + 5*v - 5. Let k be b(-6). Suppose -8*u + 49 = 25. Let a(s) = -2*s**2 - 2*s - 2 + k + 0*s**2 - 18*s**u + 9*s**3. Calculate a(-1).
8
Let f(r) = -6*r - 64. Let l(z) = 5*z + 52. Let s(c) = 9*f(c) + 11*l(c). Let u = -4 + 7. Give s(u).
-1
Suppose 1 = r - b, 0 = 2*r + 3*r + 2*b + 9. Let q(s) be the second derivative of 11*s**4/12 + s**3/6 - 195*s + 36. Give q(r).
10
Let t(i) = i. Let r(m) = -3*m + 1. Let v(z) = -r(z) + 3*t(z). Let h be 1 + (-705)/90 + (-15)/(-18). What is v(h)?
-37
Let f(k) = -k**3 - 5*k**2 - k - 5. Let n be 90/(-30)*4/3. Let j be 2/(n/18) - (-9 - -6). Give f(j).
37
Let p(a) be the first derivative of a**2/2 + 8*a - 4059. Determine p(3).
11
Let d = -139 + 179. Suppose 4*k = 4*c - d, 3*c = c - 5*k - 1. Let w(i) = -i**3 + 8*i**2 - 8*i + 3. Determine w(c).
-4
Suppose 27 + 8 = v. Suppose -4*j - j = -v. Let u(c) be the first derivative of -c**2/2 + 5*c - 121390. Calculate u(j).
-2
Let j be (-6)/(-4) - 255/(-34). Let k(z) = 10 + z**3 - 19*z - 6 + 19*z - 9*z**2. Calculate k(j).
4
Let t(h) = -9*h**3 - 39*h**2 - 6*h + 22. Let s(r) = 4*r**3 + 17*r**2 + 2*r - 10. Let l(a) = 7*s(a) + 3*t(a). What is l(-3)?
-1
Let i(j) = -4 - 4 + 19 + 18 + 67 + 20*j. Let c be i(-5). Let l(m) = -m**2 + 3*m + 5. Give l(c).
-23
Let w(o) be the third derivative of o**6/120 + 3*o**5/20 + 3*o**4/8 + 5*o**3/3 - 306*o**2. Let y = -85 + 77. Determine w(y).
2
Let r = -14072 + 14054. Let n(l) = 13 + 2*l + 2*l - 3*l - 2. What is n(r)?
-7
Let p(j) = j**2 - 10*j - 6. Let w(d) = -d**2 + 10*d + 5. Suppose 0 = 10*f - 9*f + 3. Let y(v) = f*w(v) - 2*p(v). Give y(10).
-3
Let m(c) = 7*c - 3 - c - 2*c - 2*c. Let h be (-1 + 0 - -19)*(-3)/(-2). Let i = 24 - h. Determine m(i).
-9
Let z be (-2 - 4)/(10/(-220)). Let j = z + -127. Let t(h) = h**3 - 4*h**2 - 7*h - 2. Determine t(j).
-12
Let y be -4 + 0 + -4 + 2. Let f(k) = -26*k - 2 + 20*k + 3*k**2 + 3 - 4*k**2 - 3. What is f(y)?
-2
Let f(t) be the first derivative of -11 - t + 1/2*t**2. Determine f(-4).
-5
Let x(v) = -v**3 - 15*v**2 - 12*v + 17. Let p = 1242 + -1256. Determine x(p).
-11
Let j(q) = -q + 8. Let f = -202 - -570. Let t = -355 + f. Give j(t).
-5
Let n(d) = 46*d**3 + 18*d**2 - 38*d + 139. Let l(p) = -21*p**3 - 9*p**2 + 18*p - 66. Let o(k) = 11*l(k) + 5*n(k). Calculate o(-10).
-11
Suppose -1 + 17 = 16*c. Let a be 18/(-3) - (c - -2). Let s(m) = -m**2 - 7*m + 12. Give s(a).
-6
Let p be (2 - 6) + 3/1. Let q(x) = -16*x**2 + 2. Let a be q(p). Let b(i) = -i**2 - 16*i - 21. Calculate b(a).
7
Let u(h) = -3*h + 8. Let g be u(4). Let r(z) = 4*z - 116 + 4*z + 117. What is r(g)?
-31
Let b(y) = -103*y + 15 + 53*y + 78 + 47 + y**2 - 37. Give b(2).
7
Let a(q) = 19*q - 34. Let j(r) = -18*r + 32. Let f(i) = 3*a(i) + 4*j(i). Determine f(4).
-34
Let k(w) = -4*w - 6. Suppose 4*j + f - 16 = 0, 2*f = 5*j - 1 - 32. Suppose -2*n = 3*o + 6, -o - 3*o - 1 = j*n. Suppose -n*m - 27 + 15 = 0. Determine k(m).
10
Let a(u) = 2580 - 4*u - 5142 + 2590. Give a(16).
-36
Let o(t) = 4*t + 37. Let k be o(6). Let u(b) = -125 + b + 62 + k + b. What is u(4)?
6
Let s(r) = -1. Let f(c) = c + 1. Let g be 3 + 5 + -4 + -1. Let k(x) = g*s(x) + f(x). Let m be 40/100*(-1 - -6). Give k(m).
0
Let i(p) be the second derivative of -p**5/20 + p**4/3 + 7*p**3/6 - 2*p**2 - p - 51. Calculate i(3).
26
Let i(k) = 6*k**2 - 6*k - 6. Let c(y) = -y**2 - 1. Let p(o) = 3*c(o) + i(o). Let m(h) = 13*h**2 - 27*h - 35. Let u(j) = -2*m(j) + 9*p(j). Give u(0).
-11
Let a(u) b